(p) = -p**2 + 4*p + 31. Calculate a(5).
26
Let k(u) = 28*u**2 - 866*u + 32. What is k(31)?
94
Let m(o) = -o**3 + 32*o**2 + 8*o - 259. Give m(32).
-3
Let v(y) = -y**2 + 24*y - 144. Give v(15).
-9
Let u(s) = -s**2 - 76*s - 884. Calculate u(-14).
-16
Let u(y) = -y**3 - 39*y**2 + 27*y - 562. Give u(-40).
-42
Let y(b) = b**3 - 266*b**2 + 1306*b - 2. Give y(5).
3
Let v(u) = 10472*u + 41876. Give v(-4).
-12
Let a(d) = -d**3 + 16*d**2 - 7*d + 65. Calculate a(8).
521
Let s(l) = -2*l**3 + 8*l**2 - 14*l + 34. Calculate s(3).
10
Let p(x) = -91*x**3 - 5*x**2 - 3*x. Determine p(2).
-754
Let a(i) = i**2 + 26*i - 95. Determine a(-28).
-39
Let k(g) = g**3 - 13*g**2 - 98*g + 22. Calculate k(19).
326
Let u(g) = -3*g**2 - 17*g + 153. Calculate u(6).
-57
Let a(q) = 24*q + 4229. Determine a(-179).
-67
Let t(w) = 2*w**3 - 36*w**2 - 21*w + 8. Calculate t(18).
-370
Let x(n) = n**3 - 91*n**2 + 348*n + 19. Determine x(87).
19
Let x(r) = 19*r - 66. Give x(-3).
-123
Let q(c) = -c**3 - 52*c**2 + 328*c + 2471. What is q(-57)?
20
Let w(n) = -2*n**2 - 53*n - 213. What is w(-29)?
-358
Let a(l) = l**2 - 14*l + 18. Calculate a(21).
165
Let n(g) = -g**2 + 291*g - 8452. Determine n(258).
62
Let p(s) = s**2 - 60*s + 829. Calculate p(22).
-7
Let w(b) = b**3 - 53*b**2 + 53*b - 46. What is w(52)?
6
Let x(b) = -2426*b - 21829. Give x(-9).
5
Let q(w) = -7*w**3 - 25*w**2 + 3*w + 2. Calculate q(-3).
-43
Let d(y) = -y**2 - 27*y - 135. Determine d(-16).
41
Let l(u) = u**3 - 7*u**2 - 8*u - 7. Give l(6).
-91
Let q(z) = 6*z**2 + 12*z - 348. Determine q(-12).
372
Let j(s) = -6463*s - 13. Determine j(0).
-13
Let c(h) = -h**3 + 19*h**2 - 64*h + 57. Give c(15).
-3
Let k(f) = -f**3 - 6*f**2 + 7*f - 4. Calculate k(5).
-244
Let d(g) = -51*g + 53. What is d(2)?
-49
Let g(k) = k**2 + 83*k + 393. Determine g(-6).
-69
Let h(u) = -4*u**2 + 80*u - 391. Determine h(8).
-7
Let s(h) = h**3 - 4*h**2 - 50*h + 108. Calculate s(2).
0
Let k(a) = -14*a**2 - 74*a + 5. What is k(-5)?
25
Let u(b) = -1064*b + 4247. Calculate u(4).
-9
Let x(p) = -2*p**3 + 55*p**2 + 29*p - 40. Give x(28).
-12
Let a(n) = -16*n**3 + 3*n**2 + 3*n + 5. What is a(-2)?
139
Let w(f) = -f**2 + 14*f + 94. Determine w(19).
-1
Let i(z) = -44*z + 68. Determine i(4).
-108
Let l(i) = i**2 - 50*i + 658. Determine l(36).
154
Let i(s) = -s**2 - 31*s - 5. What is i(-24)?
163
Let w(c) = 68*c + 93. Determine w(-4).
-179
Let q(o) = -o**2 - 110*o + 3957. Give q(-138).
93
Let z(s) = 199*s + 792. Calculate z(-4).
-4
Let u(a) = 10*a**2 + 38*a - 65. Determine u(-6).
67
Let k(r) = 19*r + 255. What is k(-23)?
-182
Let x(m) = -12*m - 37. Determine x(-2).
-13
Let z(n) = -1375*n + 16530. What is z(12)?
30
Let f(p) = 3*p**2 - 262*p + 4178. Calculate f(21).
-1
Let u(k) = -61*k + 15559. Give u(255).
4
Let x(f) = 4497*f - 13492. What is x(3)?
-1
Let s(h) = -2*h**2 + 38*h - 207. Give s(25).
-507
Let v(i) = -46*i - 786. Calculate v(-18).
42
Let t(q) = q**3 - 84*q**2 + 250*q - 571. Determine t(81).
-4
Let k(c) = c**2 - 6*c + 22. What is k(20)?
302
Let k(b) = 43*b - 994. Give k(23).
-5
Let p(t) = -2*t**3 - 18*t**2 + 146*t + 92. Give p(-14).
8
Let d(y) = y**3 + 8*y**2 - 10*y + 8. Determine d(-8).
88
Let v(q) = -10*q**2 - 1583*q - 481. Determine v(-158).
-7
Let l(d) = d**2 - 13*d + 4. Calculate l(4).
-32
Let g(m) = -55*m - 2411. Determine g(-44).
9
Let c(h) = -h**3 + 69*h**2 + 61*h + 706. Calculate c(70).
76
Let d(v) = -v**3 + 14*v**2 + 65*v - 245. Give d(17).
-7
Let v(j) = j**2 - 9*j + 48. Calculate v(8).
40
Let r(o) = 306*o - 2092. Calculate r(7).
50
Let p(a) = 300*a - 593. What is p(2)?
7
Let j(s) = -23934*s + 71806. Determine j(3).
4
Let t(h) = h**3 - 230*h**2 + 212*h + 3886. Give t(229).
-7
Let n(z) = -11*z + 183. Calculate n(17).
-4
Let l(b) = -10*b + 217. Calculate l(31).
-93
Let h(a) = -a**2 + 364*a - 8497. Give h(25).
-22
Let y(a) = -2*a**3 + 23*a**2 + 15*a + 17. What is y(12)?
53
Let w(x) = 5*x**3 + 5*x**2 - 135*x - 138. What is w(-1)?
-3
Let s(n) = 13*n - 198. Determine s(-5).
-263
Let a(l) = -18*l**2 - 143*l + 165. Calculate a(-9).
-6
Let c(s) = s**2 + 52*s - 2682. Calculate c(32).
6
Let s(f) = -2*f**2 + 12*f + 25. What is s(11)?
-85
Let q(a) = -a**2 - 110*a + 1308. Determine q(-121).
-23
Let a(x) = -11*x**2 - 24*x - 115. Calculate a(-4).
-195
Let f(u) = -u**2 + 98*u - 2164. What is f(33)?
-19
Let w(g) = -2*g - 263. Determine w(4).
-271
Let z(o) = o**3 - o**2 - 6*o + 1. Calculate z(-3).
-17
Let t(v) = v**3 - 10*v**2 - 9*v - 38. What is t(10)?
-128
Let f(d) = 64*d - 5110. What is f(81)?
74
Let f(b) = -18*b**2 + 24*b - 51. What is f(4)?
-243
Let m(r) = -101*r - 80. Calculate m(-1).
21
Let m(b) = b**3 - 22*b**2 + 34*b - 271. Determine m(21).
2
Let l(h) = 26*h**3 + h**2 + 97*h + 97. Determine l(-1).
-25
Let n(z) = -98*z - 54. Give n(0).
-54
Let d(c) = -159*c - 2299. Determine d(-15).
86
Let q(w) = 3*w**3 + 10*w**2 + 5*w - 1. Give q(2).
73
Let i(z) = -2*z**2 - 41*z - 201. Determine i(-9).
6
Let z(q) = 29*q**2 - 11*q + 4. What is z(1)?
22
Let x(m) = 15*m - 1318. What is x(94)?
92
Let v(m) = 921*m - 11063. Determine v(12).
-11
Let s(d) = d**3 - 164*d**2 + 326*d - 328. Calculate s(162).
-4
Let y(f) = 2*f**2 + 26*f - 19. Give y(-13).
-19
Let t(l) = -341*l - 17. Calculate t(0).
-17
Let r(b) = -6*b**2 - 6*b + 187. Give r(5).
7
Let m(g) = -5*g**2 - 33*g + 519. Give m(-14).
1
Let f(o) = 3*o**2 + 154*o - 51. Give f(-53).
214
Let c(b) = 2*b**3 - 125*b**2 + 179*b + 237. What is c(61)?
-7
Let z(a) = -a**3 - 5*a**2 - 29*a + 45. What is z(0)?
45
Let n(k) = -4*k**2 - 9*k + 66. Give n(7).
-193
Let t(m) = -80*m - 4661. Give t(-59).
59
Let k(t) = 127*t - 263. Calculate k(2).
-9
Let x(b) = -2*b**3 + 9*b**2 - 8*b + 22. Determine x(5).
-43
Let b(y) = 3*y**3 - 47*y**2 - 44*y + 1. What is b(-1)?
-5
Let z(k) = -2*k - 142. Give z(-66).
-10
Let x(w) = 52*w - 3155. Give x(61).
17
Let y(k) = -5*k**2 + 446*k - 105. Give y(89).
-16
Let w(c) = 91*c - 229. Determine w(3).
44
Let a(h) = 40*h - 1920. Determine a(47).
-40
Let g(v) = -v**2 - 14*v - 77. What is g(-6)?
-29
Let f(u) = -u**3 + 42*u**2 + 522*u - 130. What is f(52)?
-26
Let s(z) = -z**2 - 34*z - 230. Calculate s(-23).
23
Let u(p) = 42*p + 3837. Calculate u(-92).
-27
Let h(b) = 85*b - 6207. Calculate h(73).
-2
Let m(w) = w**2 - 1625*w - 14706. Calculate m(-9).
0
Let p(b) = b**2 + 28*b - 135. Calculate p(-39).
294
Let u(g) = -g**3 - 5*g**2 + 51*g + 256. Calculate u(-5).
1
Let c(g) = 444*g - 1770. Determine c(4).
6
Let k(f) = -2*f**3 - 12*f**2 - 15*f + 45. Calculate k(-6).
135
Let z(i) = 5*i**3 + 67*i**2 - 56*i - 210. Determine z(-14).
-14
Let x(j) = j**3 + 19*j**2 + 25*j + 169. Determine x(-18).
43
Let n(m) = m**2 + 167*m - 9782. Calculate n(46).
16
Let z(a) = -a**2 + 30*a + 39. What is z(31)?
8
Let a(u) = -u**2 + 77*u + 484. What is a(82)?
74
Let a(o) = o**2 - 49*o - 36. Determine a(16).
-564
Let h(f) = f**3 + 26*f**2 - 63*f - 83. Determine h(-28).
113
Let c(k) = -2*k**3 - 31*k**2 - 19*k - 73. Determine c(-15).
-13
Let q(i) = 15*i**2 + 105*i + 9. Calculate q(-5).
-141
Let t(w) = 3*w**3 + 18*w**2 + 51*w - 30. Calculate t(-7).
-534
Let u(c) = -c**3 - 44*c**2 + 89*c - 124. What is u(-46)?
14
Let y(w) = -17*w**2 - 8*w - 2. Give y(-1).
-11
Let q(c) = 135*c + 71. Give q(-1).
-64
Let v(x) = 85*x + 1502. Give v(-19).
-113
Let j(m) = 211*m - 395. What is j(2)?
27
Let x(l) = 27*l + 30. Determine x(-1).
3
Let y(f) = 59*f + 4007. Give y(-68).
-5
Let j(i) = i**3 - 7*i**2 - 12*i - 6. Determine j(10).
174
Let a(t) = 693*t - 2777. Give a(4).
-5
Let b(o) = -61*o + 66. Give b(-1).
127
Let k(l) = -379*l + 5328. Calculate k(14).
22
Let p(o) = -22*o**3 + 4*o**2 - 4*o + 1. Calculate p(1).
-21
Let c(u) = 10*u**2 + 1050*u + 7. Give c(-105).
7
Let y(l) = -1105*l + 4409. Calculate y(4).
-11
Let i(j) = -j**3 - 7*j**2 + 5*j - 52. Calculate i(-7).
-87
Let q(g) = 11*g + 9. What is q(-3)?
-24
Let s(c) = 18*c**2 + 73*c + 20. What is s(-4)?
16
Let l(f) = 75*f + 4598. Determine l(-61).
23
Let o(b) = -b**3 + 15*b**2 + 20*b - 16. Calculate o(15).
284
Let n(r) = r**3 - 19*r**2 + 20*r - 90. Determine n(18).
-54
Let z(k) = 10*k**3 - 2*k**2 + 26*k + 28. Give z(-1).
-10
Let g(w) = 15*w - 43. Determine g(1).
-28
Let s(u) = -u**3 - 12*u**2 + 22*u + 71. Calculate s(-13).
-46
Let s(w) = -417*w + 507. Calculate s(1).
90
Let a(k) = -k**2 + 417*k + 2112. Determine a(-5).
2
Let h(d) = -d**